ommon divisor of v and j.
11
Suppose 13*d = 14*d - 143. What is the greatest common divisor of d and 39?
13
Let w(n) = 23*n + 379. Let i be w(-16). Calculate the greatest common divisor of i and 1023.
11
Let i be 1215/75 + (-4)/(-60)*-3. What is the highest common divisor of 1424 and i?
16
Let a(u) = 5*u**2 - 2*u - 2. Let x be a(3). Suppose 5*n - 2*t = x, n + t - 13 = -n. What is the greatest common divisor of n and 7?
7
Let h be 14/126 + 52/18. Suppose -h*p + 224 = 4*d, -210 = -3*p - d + 4*d. What is the highest common divisor of 8 and p?
8
Suppose -q - 17*q - 11*q = -1421. Let n(u) = u**2 - 3*u + 3. Let l be n(4). Calculate the highest common divisor of q and l.
7
Suppose 7 = m + 16. Let h = 10 + -4. Let b be (m/h)/((-3)/54). Calculate the greatest common divisor of b and 9.
9
Suppose 2*t + 107 = 263. Calculate the highest common factor of t and 2262.
78
Suppose 3*q = 4*v + 6, 7*q = 5*v + 2*q + 10. Let c be (0 - -1)*(1 - v). Let y be 9 - (4 - (1 + 5)). What is the highest common divisor of c and y?
1
Let p(d) = d**3 + 33*d**2 + 14*d - 145. Let l be p(-29). Calculate the highest common factor of 29 and l.
29
Suppose 7*i = 4*i + 9. Calculate the highest common factor of i and 15.
3
Let n = 224 + -207. Let r be (9 - 0)*2/6. Suppose 0 = r*u - 2*d - 43, 0*d - d + 89 = 5*u. What is the greatest common divisor of n and u?
17
Let b = -7 + 18. Suppose -4*o - 3*c - b = -29, 2*o = -3*c + 12. Suppose -3*f + 51 = o*p - 141, 4*p - 256 = -3*f. What is the greatest common factor of 16 and p?
16
Suppose -63*x - 4*v + 241 = -58*x, 4*x - 196 = -4*v. What is the highest common factor of x and 855?
45
Let x be ((-12)/(-36))/(1/12). Suppose 2 = -x*y + 38. Calculate the greatest common factor of y and 36.
9
Suppose -4*d - 2*k + 190 = 0, 9*d - 2*k - 50 = 8*d. What is the greatest common factor of d and 936?
24
Let i(u) = 12*u**2 - 8*u - 5. Let o be i(2). What is the greatest common divisor of o and 18?
9
Let y be (-1 - 0)*(1 - 0). Let u = -73 - 319. Let d be y/4 - u/32. Calculate the greatest common factor of 60 and d.
12
Suppose 0 = 4*p + 3*w - 52 - 219, 4*w = -12. Let s = -44 - -42. Let b be (s + 1)/1 + 29 + -14. What is the highest common factor of b and p?
14
Let m = 850 - 673. Calculate the highest common factor of 3 and m.
3
Let o(z) = -z + 30. Suppose -p = m + 13 - 4, 3 = -m. Let j be o(p). Calculate the highest common factor of j and 126.
18
Let b be 6*(-8)/6 - -4. Let w(s) = -4*s - 3. Let g be w(b). Calculate the highest common factor of g and 52.
13
Let i(a) = a - 6. Let r be i(11). What is the highest common divisor of r and 35?
5
Let g(p) = 19*p**3 - 2*p**2 + 1. Let h be g(-1). Let s = h + 45. Suppose 19*t - 16*t = 375. What is the greatest common divisor of t and s?
25
Let a(o) = -2*o**3 - 17*o**2 + 8*o - 4. Let l be a(-9). Suppose 3*r - 4 = l, 5*c - 85 = 5*r. Calculate the greatest common factor of c and 35.
5
Let c(q) be the second derivative of q**4/12 + q**3/2 - 4*q**2 + 28*q - 2. Let s be c(-7). Calculate the greatest common factor of s and 320.
20
Let a = 1715 - 1352. What is the highest common divisor of a and 33?
33
Let n(i) = -17*i**3 - 4*i**2 - 4*i - 2. Let g be n(-1). What is the greatest common factor of 5 and g?
5
Let q be 0 - (2/(-1) + -2). Let u = -8954 - -9030. Calculate the greatest common factor of u and q.
4
Suppose 14*o + 0*o - 490 = 0. What is the greatest common divisor of 28 and o?
7
Let c = 131 + -128. Calculate the greatest common factor of c and 4.
1
Let b be 24/6 + (-2 - 0). Suppose -9 = -i + 4*i + 5*g, -4*i - g + 5 = 0. What is the greatest common factor of i and b?
2
Let t be 157 + 13 - -1*3. Suppose 3*j + 4*f - t = 0, 2*j - 3*j - 4*f + 47 = 0. What is the greatest common divisor of j and 9?
9
Let x(v) = -v**3 + 4*v**2 + v**2 - 8 - 5*v**2 + 2*v + 4*v**2. Let k be x(3). What is the greatest common factor of k and 35?
7
Suppose 0 = 3*f - 266 - 16. What is the greatest common factor of 235 and f?
47
Let q(f) = 9*f**2 - 190*f - 382. Let v be q(-2). Calculate the highest common divisor of v and 1598.
34
Let n be (-5 + 2 + 1)/1. Suppose -15*d = -3*d - 36. Let y be d/n*56/(-12). What is the greatest common divisor of y and 56?
7
Let v be (-18)/72 - (2 + (-45)/4). What is the highest common factor of v and 153?
9
Let w(v) = -v**2 + 27*v + 31. Let z be w(26). Calculate the greatest common divisor of 38 and z.
19
Let r be 106 - 7*(-9)/(-63). What is the highest common factor of 315 and r?
105
Let v be 1*((-2)/2 + 1). Let l be 3 - (3 - 16) - v. Suppose -2*w = -4*f - 4*w + 162, 4*f - w = 159. Calculate the greatest common divisor of f and l.
8
Let v(m) = -m**2 + 21. Let o be v(-10). Let s = -64 - o. Calculate the greatest common divisor of s and 120.
15
Let c be 47*(-2)/(-6 + 4). Suppose -4*q - c + 271 = 0. What is the greatest common factor of 8 and q?
8
Suppose -2*o = -3*o + 54. Let u be -1 - (-8)/5 - 1134/(-210). Calculate the greatest common divisor of o and u.
6
Let y = 1 - -1. Suppose -4*n = 2*v - 22, -y*v + 2*n + 6 = 2. Suppose v*z - 45 = 5. What is the greatest common factor of 80 and z?
10
Let n = 21 + -28. Let h = n - -19. Let y(f) = 4*f**2 - f. Let j be y(-2). What is the greatest common divisor of h and j?
6
Suppose 0 = 372*s - 336*s - 1332. Calculate the greatest common divisor of 2923 and s.
37
Let o(i) = -4*i**2 + i + 4. Let c(j) = -5*j**2 + j + 5. Let t(r) = 2*c(r) - 3*o(r). Let k be t(-1). Calculate the greatest common divisor of 11 and k.
1
Let s = 347 + -301. Calculate the greatest common factor of 782 and s.
46
Let f be (-100)/3*(-30)/8. Suppose 2*a = -3*a + f. What is the highest common factor of 5 and a?
5
Let c = -123 + 156. What is the highest common factor of c and 561?
33
Let b = -158 - -688. Calculate the greatest common factor of b and 10.
10
Let u be 210/((-9)/72*-8). What is the highest common divisor of 126 and u?
42
Suppose 5*u = 2*g - 13, 4*u = -g + 47 - 8. What is the highest common factor of 361 and g?
19
Let x be (1 - 1054)/(-9)*(-1)/(-3). Calculate the greatest common factor of 15 and x.
3
Let d be -4 + 1989/(-15) - (-2)/(-5). Let g = d - -209. Suppose 4*y - 56 = 5*s, -y - 13 = -4*s - 38. Calculate the highest common factor of y and g.
9
Suppose 7*u + 11 = 32. Let s be 1 - (-3 + -30 - -1). What is the greatest common divisor of u and s?
3
Suppose -4*u = -4*c + 224, -4*c - 5*u + 2*u = -210. Let p be (4 - (1 - 5 - -143))/(-1). What is the highest common factor of p and c?
27
Suppose -3*q + 15 = 4*n + 2*q, -5*q = -15. Suppose -4*b - w - 11 = -8*b, n = -3*w + 3. What is the greatest common factor of 24 and b?
3
Let k = 171 + -3. Let f(c) = c + 9. Let v be f(-9). Suppose -196 = -o - 4*o + 2*y, 4*o + 4*y - k = v. Calculate the greatest common divisor of 8 and o.
8
Suppose -106*f - 4410 = -111*f. Let o be (f/(-35))/((-4)/10). Calculate the highest common factor of 45 and o.
9
Let l be ((-1410)/(-7))/((-608)/56 - -11). Calculate the highest common divisor of l and 60.
30
Let b = -67 + 137. Calculate the greatest common divisor of b and 10.
10
Suppose 0*u + 3*u + 8 = 2*s, 1 = s. Let x = u + -3. Let d = x + 13. Calculate the highest common divisor of d and 40.
8
Suppose 2*y - 23 - 3 = 4*d, 3*y + d - 18 = 0. Suppose -4*x = -w + 25 - 6, -4*x + 23 = 5*w. Calculate the greatest common factor of y and w.
7
Let w be (-60)/(-75) + 1/5. Let q(o) = 127*o - 6. Let m be q(w). What is the highest common factor of 11 and m?
11
Let a be ((-1)/(-2))/((-2)/(-4)). Let t = -13 + -24. Let i = 43 + t. Calculate the greatest common factor of i and a.
1
Let z(s) = -3*s**2 - 18*s + 4. Let d be z(-6). Suppose d*p = 440 + 88. Let c be (-2)/5 + (-62)/(-5). Calculate the highest common factor of c and p.
12
Let o = -12 - -23. Suppose -4*s = 2*i + 10, 4*s - 5 = -i + 2*i. Suppose s = m + 4*m - 440. What is the greatest common divisor of o and m?
11
Let a = 22 + -44. Let j be (a/5 + -1)*-5. Calculate the greatest common factor of j and 108.
27
Suppose -5 = p, -3*k - 7*p = -8*p - 479. Suppose 6*j + 50 = k. Let n(d) = d + 12. Let i be n(0). Calculate the highest common divisor of i and j.
6
Suppose 6*y = 3*y + 747. Suppose -3*j = 5*d - 173, -y + 37 = -4*j - 2*d. Let h be (j/15 + -3)*20. Calculate the greatest common factor of 2 and h.
2
Let g(n) = -n**3 - 8*n**2 - 6*n + 13. Let x = 68 - 75. Let b be g(x). What is the greatest common di